{"id":6285,"date":"2024-09-17T21:02:17","date_gmt":"2024-09-18T00:02:17","guid":{"rendered":"https:\/\/ies9027-infd.mendoza.edu.ar\/sitio\/?page_id=6285"},"modified":"2026-03-19T13:45:48","modified_gmt":"2026-03-19T16:45:48","slug":"profesorado-de-educacion-especial","status":"publish","type":"page","link":"https:\/\/ies9027-infd.mendoza.edu.ar\/sitio\/profesorado-de-educacion-especial\/","title":{"rendered":"Profesorado de Educaci\u00f3n Especial"},"content":{"rendered":"\n<figure class=\"wp-block-image size-full is-resized\"><img decoding=\"async\" loading=\"lazy\" src=\"https:\/\/ies9027-infd.mendoza.edu.ar\/sitio\/wp-content\/uploads\/2025\/12\/logo-PEE.png\" alt=\"\" class=\"wp-image-6733\" width=\"723\" height=\"196\" srcset=\"https:\/\/ies9027-infd.mendoza.edu.ar\/sitio\/wp-content\/uploads\/2025\/12\/logo-PEE.png 771w, https:\/\/ies9027-infd.mendoza.edu.ar\/sitio\/wp-content\/uploads\/2025\/12\/logo-PEE-768x208.png 768w\" sizes=\"(max-width: 723px) 100vw, 723px\" \/><\/figure>\n\n\n\n<p><strong>Ficha de inscripci\u00f3n ciclo lectivo 2026 para alumnos de 1\u00b0 a\u00f1o<\/strong> <a href=\"https:\/\/ies9027-infd.mendoza.edu.ar\/sitio\/wp-content\/uploads\/2026\/03\/ficha-de-ingreso-IES-1.docx\"><img decoding=\"async\" loading=\"lazy\" width=\"1263\" height=\"352\" class=\"wp-image-3619\" style=\"width: 150px;\" src=\"https:\/\/ies9027-infd.mendoza.edu.ar\/sitio\/wp-content\/uploads\/2022\/03\/boton.png\" alt=\"\" srcset=\"https:\/\/ies9027-infd.mendoza.edu.ar\/sitio\/wp-content\/uploads\/2022\/03\/boton.png 1263w, https:\/\/ies9027-infd.mendoza.edu.ar\/sitio\/wp-content\/uploads\/2022\/03\/boton-1000x279.png 1000w, https:\/\/ies9027-infd.mendoza.edu.ar\/sitio\/wp-content\/uploads\/2022\/03\/boton-768x214.png 768w\" sizes=\"(max-width: 1263px) 100vw, 1263px\" \/><\/a><\/p>\n\n\n\n<p><strong>Ficha de inscripci\u00f3n <\/strong> <a href=\"https:\/\/ies9027-infd.mendoza.edu.ar\/sitio\/wp-content\/uploads\/2026\/03\/ficha-de-reinscripcion-PEE.docx\"><img decoding=\"async\" loading=\"lazy\" width=\"1263\" height=\"352\" class=\"wp-image-3619\" style=\"width: 150px;\" src=\"https:\/\/ies9027-infd.mendoza.edu.ar\/sitio\/wp-content\/uploads\/2022\/03\/boton.png\" alt=\"\" srcset=\"https:\/\/ies9027-infd.mendoza.edu.ar\/sitio\/wp-content\/uploads\/2022\/03\/boton.png 1263w, https:\/\/ies9027-infd.mendoza.edu.ar\/sitio\/wp-content\/uploads\/2022\/03\/boton-1000x279.png 1000w, https:\/\/ies9027-infd.mendoza.edu.ar\/sitio\/wp-content\/uploads\/2022\/03\/boton-768x214.png 768w\" sizes=\"(max-width: 1263px) 100vw, 1263px\" \/><\/a><a href=\"https:\/\/ies9027-infd.mendoza.edu.ar\/sitio\/wp-content\/uploads\/2025\/03\/ficha-de-reinscripcion-PI.docx\"><\/a><\/p>\n\n\n\n<p><strong>Denominaci\u00f3n de la Carrera:&nbsp;<\/strong>Profesorado de Educaci\u00f3n Especial con Orientaci\u00f3n en Discapacidad Intelectual<\/p>\n\n\n\n<p><strong>T\u00edtulo a otorgar:&nbsp;<\/strong>Profesor\/a de educaci\u00f3n especial <\/p>\n\n\n\n<p><strong>Duraci\u00f3n de la Carrera:&nbsp;<\/strong>4 a\u00f1os<\/p>\n\n\n\n<p><a href=\"https:\/\/ies9027-infd.mendoza.edu.ar\/sitio\/wp-content\/uploads\/2026\/03\/RESOL-2023-6866-GDEMZA-DGE-Profesorado-de-Educacion-Especial-con-orientacion-en-discapacidad-intelectual.pdf\" target=\"_blank\" rel=\"noreferrer noopener\">RESOL-2023-6866-E-GDEMZA-DGE<\/a><\/p>\n","protected":false},"excerpt":{"rendered":"<p>Ficha de inscripci\u00f3n ciclo lectivo 2026 para alumnos de 1\u00b0 a\u00f1o Ficha de inscripci\u00f3n Denominaci\u00f3n de la Carrera:&nbsp;Profesorado de Educaci\u00f3n Especial con Orientaci\u00f3n en Discapacidad Intelectual T\u00edtulo a otorgar:&nbsp;Profesor\/a de educaci\u00f3n especial Duraci\u00f3n de la Carrera:&nbsp;4 a\u00f1os RESOL-2023-6866-E-GDEMZA-DGE<\/p>\n","protected":false},"author":58,"featured_media":0,"parent":0,"menu_order":0,"comment_status":"closed","ping_status":"closed","template":"","meta":[],"acf":[],"_links":{"self":[{"href":"https:\/\/ies9027-infd.mendoza.edu.ar\/sitio\/wp-json\/wp\/v2\/pages\/6285"}],"collection":[{"href":"https:\/\/ies9027-infd.mendoza.edu.ar\/sitio\/wp-json\/wp\/v2\/pages"}],"about":[{"href":"https:\/\/ies9027-infd.mendoza.edu.ar\/sitio\/wp-json\/wp\/v2\/types\/page"}],"author":[{"embeddable":true,"href":"https:\/\/ies9027-infd.mendoza.edu.ar\/sitio\/wp-json\/wp\/v2\/users\/58"}],"replies":[{"embeddable":true,"href":"https:\/\/ies9027-infd.mendoza.edu.ar\/sitio\/wp-json\/wp\/v2\/comments?post=6285"}],"version-history":[{"count":12,"href":"https:\/\/ies9027-infd.mendoza.edu.ar\/sitio\/wp-json\/wp\/v2\/pages\/6285\/revisions"}],"predecessor-version":[{"id":6852,"href":"https:\/\/ies9027-infd.mendoza.edu.ar\/sitio\/wp-json\/wp\/v2\/pages\/6285\/revisions\/6852"}],"wp:attachment":[{"href":"https:\/\/ies9027-infd.mendoza.edu.ar\/sitio\/wp-json\/wp\/v2\/media?parent=6285"}],"curies":[{"name":"wp","href":"https:\/\/api.w.org\/{rel}","templated":true}]}}