{"id":4423,"date":"2022-08-16T19:52:49","date_gmt":"2022-08-16T22:52:49","guid":{"rendered":"https:\/\/ies9027-infd.mendoza.edu.ar\/sitio\/?page_id=4423"},"modified":"2026-02-24T20:41:05","modified_gmt":"2026-02-24T23:41:05","slug":"formacion-continua-2","status":"publish","type":"page","link":"https:\/\/ies9027-infd.mendoza.edu.ar\/sitio\/formacion-continua-2\/","title":{"rendered":"FORMACI\u00d3N CONTINUA"},"content":{"rendered":"\n<pre class=\"wp-block-preformatted\"><strong>ACTUALIZACI\u00d3N ACAD\u00c9MICA EN PRIMERA INFANCIA<\/strong><\/pre>\n\n\n\n<figure class=\"wp-block-image size-full is-resized\"><img decoding=\"async\" loading=\"lazy\" src=\"https:\/\/ies9027-infd.mendoza.edu.ar\/sitio\/wp-content\/uploads\/2026\/02\/actualizacion-Acade.jpg\" alt=\"\" class=\"wp-image-6772\" width=\"498\" height=\"705\" srcset=\"https:\/\/ies9027-infd.mendoza.edu.ar\/sitio\/wp-content\/uploads\/2026\/02\/actualizacion-Acade.jpg 1241w, https:\/\/ies9027-infd.mendoza.edu.ar\/sitio\/wp-content\/uploads\/2026\/02\/actualizacion-Acade-707x1000.jpg 707w, https:\/\/ies9027-infd.mendoza.edu.ar\/sitio\/wp-content\/uploads\/2026\/02\/actualizacion-Acade-768x1086.jpg 768w, https:\/\/ies9027-infd.mendoza.edu.ar\/sitio\/wp-content\/uploads\/2026\/02\/actualizacion-Acade-1086x1536.jpg 1086w\" sizes=\"(max-width: 498px) 100vw, 498px\" \/><\/figure>\n\n\n\n<p><strong>Inscripciones en el siguiente link<\/strong>: <a rel=\"noreferrer noopener\" href=\"https:\/\/forms.gle\/Bc5stxR3FMPmaZTf7\" target=\"_blank\">https:\/\/forms.gle\/Bc5stxR3FMPmaZTf7<\/a><\/p>\n\n\n\n<figure class=\"wp-block-image size-full\"><a href=\"https:\/\/docs.google.com\/forms\/d\/e\/1FAIpQLSdHupwbxGmwG3Y3_bfp0mgKgPt5Q3kqljVb-PSvzhrSfmx-ZQ\/viewform\"><img decoding=\"async\" loading=\"lazy\" width=\"472\" height=\"671\" src=\"https:\/\/ies9027-infd.mendoza.edu.ar\/sitio\/wp-content\/uploads\/2025\/05\/formacion-continua.jpg\" alt=\"\" class=\"wp-image-6463\"\/><\/a><\/figure>\n\n\n\n<pre class=\"wp-block-preformatted\"><strong>LISTADO DE CERTIFICADOS DEL INFOD PARA SER RETIRADOS EN NUESTRA INSTITUCI\u00d3N<\/strong><\/pre>\n\n\n\n<p>Para descargar el listado realizar un clic en el siguiente link:  <\/p>\n\n\n\n<figure class=\"wp-block-image size-full is-resized\"><a href=\"https:\/\/ies9027-infd.mendoza.edu.ar\/sitio\/wp-content\/uploads\/2024\/12\/listado-de-certificados-INFOD-1.pdf\"><img decoding=\"async\" loading=\"lazy\" src=\"https:\/\/ies9027-infd.mendoza.edu.ar\/sitio\/wp-content\/uploads\/2024\/09\/boton.png\" alt=\"\" class=\"wp-image-6238\" width=\"174\" height=\"48\" srcset=\"https:\/\/ies9027-infd.mendoza.edu.ar\/sitio\/wp-content\/uploads\/2024\/09\/boton.png 1263w, https:\/\/ies9027-infd.mendoza.edu.ar\/sitio\/wp-content\/uploads\/2024\/09\/boton-1000x279.png 1000w, https:\/\/ies9027-infd.mendoza.edu.ar\/sitio\/wp-content\/uploads\/2024\/09\/boton-768x214.png 768w\" sizes=\"(max-width: 174px) 100vw, 174px\" \/><\/a><\/figure>\n\n\n\n<pre class=\"wp-block-preformatted\"><strong>Aprender a ense\u00f1ar Matem\u00e1tica<\/strong><\/pre>\n\n\n\n<div class=\"wp-block-columns is-layout-flex wp-container-5\">\n<div class=\"wp-block-column is-layout-flow\" style=\"flex-basis:100%\">\n<div class=\"wp-block-columns is-layout-flex wp-container-3\">\n<div class=\"wp-block-column is-layout-flow\" style=\"flex-basis:50%\">\n<p><\/p>\n\n\n\n<p class=\"has-text-align-center\">Para inscribirte al curso&nbsp;<strong>\u00abAprender a Ense\u00f1ar Matem\u00e1tica\u00bb<\/strong>&nbsp;Bloque 3&nbsp;Las figuras del plano y del espacio, su aprendizaje y ense\u00f1anza.<\/p>\n\n\n\n<p class=\"has-text-align-center\">Resoluci\u00f3n de aprobaci\u00f3n N\u00b0 2020-79-E-GDEMZA.&nbsp;<\/p>\n\n\n\n<p class=\"has-text-align-center\">realizar un clic en el siguiente link:<\/p>\n\n\n\n<p class=\"has-text-align-center\"><a href=\"https:\/\/docs.google.com\/forms\/d\/1Yc4u2UjA9-k2FjcfU1Lgbmsl3bKTEgDr5ZH1AG1wsyM\/edit\"><img decoding=\"async\" loading=\"lazy\" width=\"1263\" height=\"352\" class=\"wp-image-3619\" style=\"width: 300px;\" src=\"https:\/\/ies9027-infd.mendoza.edu.ar\/sitio\/wp-content\/uploads\/2022\/03\/boton.png\" alt=\"\" srcset=\"https:\/\/ies9027-infd.mendoza.edu.ar\/sitio\/wp-content\/uploads\/2022\/03\/boton.png 1263w, https:\/\/ies9027-infd.mendoza.edu.ar\/sitio\/wp-content\/uploads\/2022\/03\/boton-1000x279.png 1000w, https:\/\/ies9027-infd.mendoza.edu.ar\/sitio\/wp-content\/uploads\/2022\/03\/boton-768x214.png 768w\" sizes=\"(max-width: 1263px) 100vw, 1263px\" \/><\/a><\/p>\n\n\n\n<p><\/p>\n<\/div>\n\n\n\n<div class=\"wp-block-column is-layout-flow\" style=\"flex-basis:50%\">\n<figure class=\"wp-block-image size-large is-resized\"><img decoding=\"async\" loading=\"lazy\" src=\"https:\/\/ies9027-infd.mendoza.edu.ar\/sitio\/wp-content\/uploads\/2022\/10\/aprender-a-ensenar-2.jpeg\" alt=\"\" class=\"wp-image-4651\" width=\"418\" height=\"590\" srcset=\"https:\/\/ies9027-infd.mendoza.edu.ar\/sitio\/wp-content\/uploads\/2022\/10\/aprender-a-ensenar-2.jpeg 906w, https:\/\/ies9027-infd.mendoza.edu.ar\/sitio\/wp-content\/uploads\/2022\/10\/aprender-a-ensenar-2-708x1000.jpeg 708w, https:\/\/ies9027-infd.mendoza.edu.ar\/sitio\/wp-content\/uploads\/2022\/10\/aprender-a-ensenar-2-768x1085.jpeg 768w\" sizes=\"(max-width: 418px) 100vw, 418px\" \/><\/figure>\n<\/div>\n<\/div>\n\n\n\n<p><\/p>\n<\/div>\n<\/div>\n\n\n\n<pre class=\"wp-block-preformatted\"><strong>Post\u00edtulo docente de Especializaci\u00f3n Superior en: \u201cSaberes, ense\u00f1anza-aprendizaje y\nevaluaci\u00f3n formativa\u201d<\/strong><\/pre>\n\n\n\n<ul>\n<li><a href=\"https:\/\/ies9027-infd.mendoza.edu.ar\/sitio\/wp-content\/uploads\/2022\/08\/RESOL-3060-DGE-2021-EaD-Postitulo-docente-de-Especializacion-Superior-en-Saberes-ensenanza-aprendizaje-y-evaluacion-formativa-IES-9-027.pdf\">Resoluci\u00f3n 3060-DGE-2021<\/a><\/li>\n\n\n\n<li><a href=\"https:\/\/ies9027-infd.mendoza.edu.ar\/sitio\/wp-content\/uploads\/2022\/08\/ANEXO-9-027-EaD-Postitulo-docente-de-Especializacion-Superior-en-Saberes-ensenanza-aprendizaje-y-evaluacion-formativa.pdf\" target=\"_blank\" rel=\"noreferrer noopener\">ANEXO<\/a><\/li>\n<\/ul>\n\n\n\n<p><\/p>\n","protected":false},"excerpt":{"rendered":"<p>ACTUALIZACI\u00d3N ACAD\u00c9MICA EN PRIMERA INFANCIA Inscripciones en el siguiente link: https:\/\/forms.gle\/Bc5stxR3FMPmaZTf7 LISTADO DE CERTIFICADOS DEL INFOD PARA SER RETIRADOS EN NUESTRA INSTITUCI\u00d3N Para descargar el listado realizar un clic en el siguiente link: Aprender a ense\u00f1ar Matem\u00e1tica Para inscribirte al curso&nbsp;\u00abAprender a Ense\u00f1ar Matem\u00e1tica\u00bb&nbsp;Bloque 3&nbsp;Las figuras del plano y del espacio, su aprendizaje y ense\u00f1anza. &#8230; <a title=\"FORMACI\u00d3N CONTINUA\" class=\"read-more\" href=\"https:\/\/ies9027-infd.mendoza.edu.ar\/sitio\/formacion-continua-2\/\" aria-label=\"More on FORMACI\u00d3N CONTINUA\">[+]<\/a><\/p>\n","protected":false},"author":58,"featured_media":0,"parent":0,"menu_order":0,"comment_status":"closed","ping_status":"closed","template":"","meta":[],"acf":[],"_links":{"self":[{"href":"https:\/\/ies9027-infd.mendoza.edu.ar\/sitio\/wp-json\/wp\/v2\/pages\/4423"}],"collection":[{"href":"https:\/\/ies9027-infd.mendoza.edu.ar\/sitio\/wp-json\/wp\/v2\/pages"}],"about":[{"href":"https:\/\/ies9027-infd.mendoza.edu.ar\/sitio\/wp-json\/wp\/v2\/types\/page"}],"author":[{"embeddable":true,"href":"https:\/\/ies9027-infd.mendoza.edu.ar\/sitio\/wp-json\/wp\/v2\/users\/58"}],"replies":[{"embeddable":true,"href":"https:\/\/ies9027-infd.mendoza.edu.ar\/sitio\/wp-json\/wp\/v2\/comments?post=4423"}],"version-history":[{"count":23,"href":"https:\/\/ies9027-infd.mendoza.edu.ar\/sitio\/wp-json\/wp\/v2\/pages\/4423\/revisions"}],"predecessor-version":[{"id":6773,"href":"https:\/\/ies9027-infd.mendoza.edu.ar\/sitio\/wp-json\/wp\/v2\/pages\/4423\/revisions\/6773"}],"wp:attachment":[{"href":"https:\/\/ies9027-infd.mendoza.edu.ar\/sitio\/wp-json\/wp\/v2\/media?parent=4423"}],"curies":[{"name":"wp","href":"https:\/\/api.w.org\/{rel}","templated":true}]}}