{"id":318,"date":"2016-10-31T14:20:44","date_gmt":"2016-10-31T17:20:44","guid":{"rendered":"https:\/\/ies9027-mza.infd.edu.ar\/sitio\/?page_id=318"},"modified":"2023-11-28T21:35:20","modified_gmt":"2023-11-29T00:35:20","slug":"contacto","status":"publish","type":"page","link":"https:\/\/ies9027-infd.mendoza.edu.ar\/sitio\/contacto\/","title":{"rendered":"CONTACTO"},"content":{"rendered":"<h1 style=\"text-align: center;\">Comunicate con nosotros<\/h1>\n<div class=\"fl-module fl-module-info-list fl-node-59c22b065f856\" data-node=\"59c22b065f856\">\n<div class=\"fl-module-content fl-node-content\">\n<div class=\"uabb-module-content uabb-info-list\">\n<h2 class=\"uabb-info-list-content uabb-info-list-left info-list-content-dynamic0\"><img decoding=\"async\" loading=\"lazy\" class=\"wp-image-2793 aligncenter\" src=\"https:\/\/ies9027-infd.mendoza.edu.ar\/sitio\/wp-content\/uploads\/2021\/06\/correo-2.png\" alt=\"\" width=\"129\" height=\"129\" \/><\/h2>\n<h5 class=\"uabb-info-list-content uabb-info-list-left info-list-content-dynamic0\" style=\"text-align: center;\">secretaria9027@gmail.com<\/h5>\n<\/div>\n<\/div>\n<div class=\"fl-module-content fl-node-content\">\n<div class=\"uabb-module-content uabb-info-list\">\n<div class=\"uabb-info-list-content-wrapper fl-clearfix uabb-info-list-left\">\n<h5 style=\"text-align: center;\">de lunes a viernes de 18:30 hs a 22:00 hs<\/h5>\n<h5 style=\"text-align: center;\">tel\u00e9fono: 261 4327633<\/h5>\n<p style=\"text-align: center;\"><span style=\"color: #ff0000;\"><strong data-rich-text-format-boundary=\"true\">Nos encontramos en Joaqu\u00edn V. Gonz\u00e1lez 429 Dorrego Guaymall\u00e9n<\/strong><\/span><\/p>\n<p style=\"text-align: center;\"><span style=\"color: #ff0000;\"><strong>Compartimos edificio con la Escuela 1-243 LUCIO CICHITTI<\/strong><\/span><\/p>\n<\/div>\n<\/div>\n<\/div>\n<\/div>\n\n\n<p><\/p>\n","protected":false},"excerpt":{"rendered":"<p>Comunicate con nosotros secretaria9027@gmail.com de lunes a viernes de 18:30 hs a 22:00 hs tel\u00e9fono: 261 4327633 Nos encontramos en Joaqu\u00edn V. Gonz\u00e1lez 429 Dorrego Guaymall\u00e9n Compartimos edificio con la Escuela 1-243 LUCIO CICHITTI<\/p>\n","protected":false},"author":7,"featured_media":0,"parent":0,"menu_order":0,"comment_status":"closed","ping_status":"closed","template":"","meta":[],"acf":[],"_links":{"self":[{"href":"https:\/\/ies9027-infd.mendoza.edu.ar\/sitio\/wp-json\/wp\/v2\/pages\/318"}],"collection":[{"href":"https:\/\/ies9027-infd.mendoza.edu.ar\/sitio\/wp-json\/wp\/v2\/pages"}],"about":[{"href":"https:\/\/ies9027-infd.mendoza.edu.ar\/sitio\/wp-json\/wp\/v2\/types\/page"}],"author":[{"embeddable":true,"href":"https:\/\/ies9027-infd.mendoza.edu.ar\/sitio\/wp-json\/wp\/v2\/users\/7"}],"replies":[{"embeddable":true,"href":"https:\/\/ies9027-infd.mendoza.edu.ar\/sitio\/wp-json\/wp\/v2\/comments?post=318"}],"version-history":[{"count":29,"href":"https:\/\/ies9027-infd.mendoza.edu.ar\/sitio\/wp-json\/wp\/v2\/pages\/318\/revisions"}],"predecessor-version":[{"id":5694,"href":"https:\/\/ies9027-infd.mendoza.edu.ar\/sitio\/wp-json\/wp\/v2\/pages\/318\/revisions\/5694"}],"wp:attachment":[{"href":"https:\/\/ies9027-infd.mendoza.edu.ar\/sitio\/wp-json\/wp\/v2\/media?parent=318"}],"curies":[{"name":"wp","href":"https:\/\/api.w.org\/{rel}","templated":true}]}}