{"id":2896,"date":"2021-06-22T21:20:49","date_gmt":"2021-06-23T00:20:49","guid":{"rendered":"https:\/\/ies9027-infd.mendoza.edu.ar\/sitio\/?page_id=2896"},"modified":"2023-05-09T20:56:22","modified_gmt":"2023-05-09T23:56:22","slug":"formacion-continua","status":"publish","type":"page","link":"https:\/\/ies9027-infd.mendoza.edu.ar\/sitio\/formacion-continua\/","title":{"rendered":"Formaci\u00f3n Continua"},"content":{"rendered":"<h2><img decoding=\"async\" loading=\"lazy\" class=\"wp-image-5172 aligncenter\" src=\"https:\/\/ies9027-infd.mendoza.edu.ar\/sitio\/wp-content\/uploads\/2023\/05\/WhatsApp-Image-2023-05-09-at-08.26.10-1-1000x1000.jpeg\" alt=\"\" width=\"742\" height=\"742\" srcset=\"https:\/\/ies9027-infd.mendoza.edu.ar\/sitio\/wp-content\/uploads\/2023\/05\/WhatsApp-Image-2023-05-09-at-08.26.10-1-1000x1000.jpeg 1000w, https:\/\/ies9027-infd.mendoza.edu.ar\/sitio\/wp-content\/uploads\/2023\/05\/WhatsApp-Image-2023-05-09-at-08.26.10-1-500x500.jpeg 500w, https:\/\/ies9027-infd.mendoza.edu.ar\/sitio\/wp-content\/uploads\/2023\/05\/WhatsApp-Image-2023-05-09-at-08.26.10-1-768x768.jpeg 768w, https:\/\/ies9027-infd.mendoza.edu.ar\/sitio\/wp-content\/uploads\/2023\/05\/WhatsApp-Image-2023-05-09-at-08.26.10-1.jpeg 1080w\" sizes=\"(max-width: 742px) 100vw, 742px\" \/><\/h2>\n<p>El I.E.S. 9027 y la Fundaci\u00f3n Pulso Educativo invitan al Curso Taller \u00abAcercamiento a la Filosof\u00eda con Ni\u00f1os y Ni\u00f1as\u00bb, con puntaje docente Resol. N\u00b0 2022-308 EGDEMZA.<\/p>\n<p>&#x1f449;&#x1f3fc; Coordinado por Elizabeth Heidrich, Silvina Oritja y Marcela Quevedo, profesoras y especialistas en Filosof\u00eda con Ni\u00f1os, UNCuyo.<\/p>\n<p>&#x1f449;&#x1f3fc; Inicia el 1\u00b0 de junio y se cursa los jueves de 19 a 21.30hs. en la sede del I.E.S. 9027, Joaqu\u00edn V. Gonz\u00e1lez 429 de Dorrego, Guaymall\u00e9n.<\/p>\n<p>&#x1f5a5;&#xfe0f; Inscripci\u00f3n a trav\u00e9s del siguiente link<strong> <a href=\"https:\/\/docs.google.com\/forms\/d\/1WeF93WPvdMxDijN8e1sQn1a_t-NYzbTO48C1PuxaP2k\/viewform?edit_requested=true\">https:\/\/docs.google.com\/forms\/d\/1WeF93WPvdMxDijN8e1sQn1a_t-NYzbTO48C1PuxaP2k\/edit<\/a><\/strong><\/p>\n<p>&#x2139;&#xfe0f; <strong>Consultas a info@pulsoeducativo.org o al 2616027768.<\/strong><\/p>\n<h2 style=\"text-align: center;\"><a href=\"https:\/\/docs.google.com\/forms\/d\/1WeF93WPvdMxDijN8e1sQn1a_t-NYzbTO48C1PuxaP2k\/viewform?edit_requested=true\"><em>Inscripciones<\/em><\/a><\/h2>\n","protected":false},"excerpt":{"rendered":"<p>El I.E.S. 9027 y la Fundaci\u00f3n Pulso Educativo invitan al Curso Taller \u00abAcercamiento a la Filosof\u00eda con Ni\u00f1os y Ni\u00f1as\u00bb, con puntaje docente Resol. N\u00b0 2022-308 EGDEMZA. &#x1f449;&#x1f3fc; Coordinado por Elizabeth Heidrich, Silvina Oritja y Marcela Quevedo, profesoras y especialistas en Filosof\u00eda con Ni\u00f1os, UNCuyo. &#x1f449;&#x1f3fc; Inicia el 1\u00b0 de junio y se cursa los &#8230; <a title=\"Formaci\u00f3n Continua\" class=\"read-more\" href=\"https:\/\/ies9027-infd.mendoza.edu.ar\/sitio\/formacion-continua\/\" aria-label=\"More on Formaci\u00f3n Continua\">[+]<\/a><\/p>\n","protected":false},"author":58,"featured_media":0,"parent":0,"menu_order":0,"comment_status":"closed","ping_status":"closed","template":"","meta":[],"acf":[],"_links":{"self":[{"href":"https:\/\/ies9027-infd.mendoza.edu.ar\/sitio\/wp-json\/wp\/v2\/pages\/2896"}],"collection":[{"href":"https:\/\/ies9027-infd.mendoza.edu.ar\/sitio\/wp-json\/wp\/v2\/pages"}],"about":[{"href":"https:\/\/ies9027-infd.mendoza.edu.ar\/sitio\/wp-json\/wp\/v2\/types\/page"}],"author":[{"embeddable":true,"href":"https:\/\/ies9027-infd.mendoza.edu.ar\/sitio\/wp-json\/wp\/v2\/users\/58"}],"replies":[{"embeddable":true,"href":"https:\/\/ies9027-infd.mendoza.edu.ar\/sitio\/wp-json\/wp\/v2\/comments?post=2896"}],"version-history":[{"count":6,"href":"https:\/\/ies9027-infd.mendoza.edu.ar\/sitio\/wp-json\/wp\/v2\/pages\/2896\/revisions"}],"predecessor-version":[{"id":5175,"href":"https:\/\/ies9027-infd.mendoza.edu.ar\/sitio\/wp-json\/wp\/v2\/pages\/2896\/revisions\/5175"}],"wp:attachment":[{"href":"https:\/\/ies9027-infd.mendoza.edu.ar\/sitio\/wp-json\/wp\/v2\/media?parent=2896"}],"curies":[{"name":"wp","href":"https:\/\/api.w.org\/{rel}","templated":true}]}}