{"id":2433,"date":"2020-08-14T10:54:45","date_gmt":"2020-08-14T13:54:45","guid":{"rendered":"https:\/\/ies9027-infd.mendoza.edu.ar\/sitio\/?page_id=2433"},"modified":"2020-08-19T22:13:29","modified_gmt":"2020-08-20T01:13:29","slug":"saber-para-saber-ensenar-fundamentos-matematicos-en-el-nivel-inicial","status":"publish","type":"page","link":"https:\/\/ies9027-infd.mendoza.edu.ar\/sitio\/saber-para-saber-ensenar-fundamentos-matematicos-en-el-nivel-inicial\/","title":{"rendered":"Saber, para saber ense\u00f1ar: Fundamentos matem\u00e1ticos en el nivel inicial"},"content":{"rendered":"<h5><strong><img decoding=\"async\" loading=\"lazy\" class=\"wp-image-2384 alignleft\" src=\"https:\/\/ies9027-infd.mendoza.edu.ar\/sitio\/wp-content\/uploads\/2020\/08\/Matem\u00e1tica-en-Inicial-714x1000.jpg\" alt=\"\" width=\"278\" height=\"389\" srcset=\"https:\/\/ies9027-infd.mendoza.edu.ar\/sitio\/wp-content\/uploads\/2020\/08\/Matem\u00e1tica-en-Inicial-714x1000.jpg 714w, https:\/\/ies9027-infd.mendoza.edu.ar\/sitio\/wp-content\/uploads\/2020\/08\/Matem\u00e1tica-en-Inicial-768x1076.jpg 768w, https:\/\/ies9027-infd.mendoza.edu.ar\/sitio\/wp-content\/uploads\/2020\/08\/Matem\u00e1tica-en-Inicial-1357x1900.jpg 1357w, https:\/\/ies9027-infd.mendoza.edu.ar\/sitio\/wp-content\/uploads\/2020\/08\/Matem\u00e1tica-en-Inicial.jpg 1428w\" sizes=\"(max-width: 278px) 100vw, 278px\" \/><\/strong><\/h5>\n<h5><\/h5>\n<h5><\/h5>\n<h5><strong>Profesor:<\/strong><em> Noelia Lucca<\/em><\/h5>\n<h5><strong>Horas\u00a0 c\u00e1tedra:<\/strong><\/h5>\n<table>\n<tbody>\n<tr>\n<td width=\"201\">\n<pre style=\"text-align: center;\"><strong>Trabajo en plataforma<\/strong><\/pre>\n<\/td>\n<td style=\"text-align: center;\" width=\"201\">\n<pre><strong>Encuentros sincr\u00f3nicos<\/strong><\/pre>\n<\/td>\n<td width=\"201\">\n<pre style=\"text-align: center;\"><strong>Total de horas a acreditar<\/strong><\/pre>\n<\/td>\n<\/tr>\n<tr>\n<td width=\"201\">\n<pre style=\"text-align: center;\">14 hs<\/pre>\n<\/td>\n<td style=\"text-align: center;\" width=\"201\">\n<pre>16 hs<\/pre>\n<\/td>\n<td width=\"201\">\n<pre style=\"text-align: center;\">30 hs c\u00e1tedra<\/pre>\n<\/td>\n<\/tr>\n<tr>\n<td colspan=\"3\" width=\"604\"><strong>Fecha de comienzo:<\/strong> 24\/08<\/td>\n<\/tr>\n<tr>\n<td colspan=\"3\" width=\"604\"><strong>Destinatarios:<\/strong> estudiantes de 3ro y 4to PEI<\/td>\n<\/tr>\n<tr>\n<td colspan=\"3\" width=\"604\"><strong>Cupo:<\/strong> 20 estudiantes<\/p>\n<p>5 externos<\/td>\n<\/tr>\n<\/tbody>\n<\/table>\n<pre><em>\u00a0<\/em><strong>S\u00edntesis explicativa:<\/strong><\/pre>\n<h5>El espacio est\u00e1 destinado a profundizar aquellos conceptos matem\u00e1ticos necesarios para la ense\u00f1anza de la matem\u00e1tica, en funci\u00f3n de las especificaciones del Dise\u00f1o Curricular Provincial de Nivel Inicial.<\/h5>\n<ul>\n<li>\n<h5>Numeraci\u00f3n (funciones del n\u00famero, significados).<\/h5>\n<\/li>\n<li>\n<h5>Geometr\u00eda (figura, cuerpo, propiedades que caracterizan a las formas geom\u00e9tricas).<\/h5>\n<\/li>\n<li>\n<h5>Espacio y medida (magnitudes, medida, unidades convencionales y no convencionales).<\/h5>\n<\/li>\n<li>\n<h5>Estad\u00edstica y Probabilidad (recolecci\u00f3n, organizaci\u00f3n y presentaci\u00f3n datos, inferencias).<\/h5>\n<\/li>\n<\/ul>\n<h5>El objetivo de esta propuesta es aportar conocimientos indispensables al quehacer del docente en matem\u00e1tica, pues para saber ense\u00f1ar, se necesita el manejo de conceptos cient\u00edficos puntuales de esta ciencia.<\/h5>\n","protected":false},"excerpt":{"rendered":"<p>Profesor: Noelia Lucca Horas\u00a0 c\u00e1tedra: Trabajo en plataforma Encuentros sincr\u00f3nicos Total de horas a acreditar 14 hs 16 hs 30 hs c\u00e1tedra Fecha de comienzo: 24\/08 Destinatarios: estudiantes de 3ro y 4to PEI Cupo: 20 estudiantes 5 externos \u00a0S\u00edntesis explicativa: El espacio est\u00e1 destinado a profundizar aquellos conceptos matem\u00e1ticos necesarios para la ense\u00f1anza de la &#8230; <a title=\"Saber, para saber ense\u00f1ar: Fundamentos matem\u00e1ticos en el nivel inicial\" class=\"read-more\" href=\"https:\/\/ies9027-infd.mendoza.edu.ar\/sitio\/saber-para-saber-ensenar-fundamentos-matematicos-en-el-nivel-inicial\/\" aria-label=\"More on Saber, para saber ense\u00f1ar: Fundamentos matem\u00e1ticos en el nivel inicial\">[+]<\/a><\/p>\n","protected":false},"author":58,"featured_media":0,"parent":0,"menu_order":0,"comment_status":"closed","ping_status":"closed","template":"","meta":[],"acf":[],"_links":{"self":[{"href":"https:\/\/ies9027-infd.mendoza.edu.ar\/sitio\/wp-json\/wp\/v2\/pages\/2433"}],"collection":[{"href":"https:\/\/ies9027-infd.mendoza.edu.ar\/sitio\/wp-json\/wp\/v2\/pages"}],"about":[{"href":"https:\/\/ies9027-infd.mendoza.edu.ar\/sitio\/wp-json\/wp\/v2\/types\/page"}],"author":[{"embeddable":true,"href":"https:\/\/ies9027-infd.mendoza.edu.ar\/sitio\/wp-json\/wp\/v2\/users\/58"}],"replies":[{"embeddable":true,"href":"https:\/\/ies9027-infd.mendoza.edu.ar\/sitio\/wp-json\/wp\/v2\/comments?post=2433"}],"version-history":[{"count":6,"href":"https:\/\/ies9027-infd.mendoza.edu.ar\/sitio\/wp-json\/wp\/v2\/pages\/2433\/revisions"}],"predecessor-version":[{"id":2515,"href":"https:\/\/ies9027-infd.mendoza.edu.ar\/sitio\/wp-json\/wp\/v2\/pages\/2433\/revisions\/2515"}],"wp:attachment":[{"href":"https:\/\/ies9027-infd.mendoza.edu.ar\/sitio\/wp-json\/wp\/v2\/media?parent=2433"}],"curies":[{"name":"wp","href":"https:\/\/api.w.org\/{rel}","templated":true}]}}