{"id":2373,"date":"2020-08-12T22:42:39","date_gmt":"2020-08-13T01:42:39","guid":{"rendered":"https:\/\/ies9027-infd.mendoza.edu.ar\/sitio\/?page_id=2373"},"modified":"2026-02-10T22:14:20","modified_gmt":"2026-02-11T01:14:20","slug":"electivas-2020","status":"publish","type":"page","link":"https:\/\/ies9027-infd.mendoza.edu.ar\/sitio\/electivas-2020\/","title":{"rendered":"Electivas"},"content":{"rendered":"\n<pre id=\"block-d4b22382-f0e5-466f-a4a3-e60da739f9cb\" class=\"wp-block-preformatted\"><strong>ELECTIVAS SEGUNDO CUATRIMESTRE<\/strong><\/pre>\n\n\n\n<p>Realizar clic en el siguiente <a href=\"https:\/\/forms.gle\/mCbYiNsGLGPdXR7d9\">LINK <\/a>para realizar inscripci\u00f3n.<\/p>\n\n\n\n<figure class=\"wp-block-table is-style-regular\"><table><tbody><tr><td><strong>NOMBRE<\/strong><\/td><td><strong>DESTINATARIOS<\/strong><\/td><td class=\"has-text-align-center\" data-align=\"center\"><strong>D\u00cdAS Y HORARIOS<\/strong><\/td><\/tr><tr><td>Aprendizaje basado en proyectos<\/td><td>Estudiantes de 1ro, 2do, 3ro y 4to de &nbsp;PI, PEP y PEE<\/td><td class=\"has-text-align-center\" data-align=\"center\">cursado asincr\u00f3nico<\/td><\/tr><tr><td>La pr\u00e1ctica reflexiva en la formaci\u00f3n docente<\/td><td>Estudiantes de 1ro, 2do, 3ro y 4to de &nbsp;PI, PEP y PEE<\/td><td class=\"has-text-align-center\" data-align=\"center\">cursado asincr\u00f3nico<\/td><\/tr><tr><td>Inteligencia artificial en la educaci\u00f3n: oportinidades y l\u00edmites<\/td><td>Estudiantes de 1ro, 2do, 3ro y 4to de &nbsp;PI, PEP y PEE<\/td><td class=\"has-text-align-center\" data-align=\"center\">cursado asincr\u00f3nico<\/td><\/tr><tr><td>Elaboraci\u00f3n de proyectos literarios \u00e1ulicos<\/td><td>Estudiantes de 1ro, 2do, 3ro y 4to de PEP y PEE<\/td><td class=\"has-text-align-center\" data-align=\"center\">cursado asincr\u00f3nico<\/td><\/tr><tr><td>Educaci\u00f3n para la paz \u00abMalvinas\u00bb<\/td><td>Estudiantes de 1ro, 2do, 3ro y 4to de &nbsp;PI, PEP y PEE<\/td><td class=\"has-text-align-center\" data-align=\"center\">cursado asincr\u00f3nico<\/td><\/tr><tr><td>ESP (English for Specific Purposes)<\/td><td>Estudiantes de 1ro, 2do, 3ro y 4to &nbsp;PI<\/td><td class=\"has-text-align-center\" data-align=\"center\">cursado asincr\u00f3nico<\/td><\/tr><tr><td>T\u00e9cnicas de Estudio<\/td><td>Estudiantes de 1ro, 2do, 3ro y 4to &nbsp;PI<\/td><td class=\"has-text-align-center\" data-align=\"center\">cursado asincr\u00f3nico<\/td><\/tr><tr><td>Integrating macro skills in the english classroom<\/td><td>Estudiantes de 1ro, 2do, 3ro y 4to &nbsp;PI<\/td><td class=\"has-text-align-center\" data-align=\"center\">cursado asincr\u00f3nico<\/td><\/tr><\/tbody><\/table><\/figure>\n\n\n\n<p><\/p>\n\n\n\n<pre class=\"wp-block-preformatted\"><strong>ELECTIVAS SEGUNDO CUATRIMESTRE<\/strong> <strong>2024<\/strong><\/pre>\n\n\n\n<figure class=\"wp-block-table is-style-stripes\"><table><tbody><tr><td class=\"has-text-align-left\" data-align=\"left\"><strong>NOMBRE<\/strong><\/td><td class=\"has-text-align-center\" data-align=\"center\"><strong>PROF A CARGO<\/strong><\/td><td class=\"has-text-align-center\" data-align=\"center\" colspan=\"3\"><strong>CANTIDAD DE HORAS<\/strong><\/td><td class=\"has-text-align-center\" data-align=\"center\"><strong>DESTINATARIOS<\/strong><\/td><td class=\"has-text-align-center\" data-align=\"center\"><strong>D\u00cdAS Y HORARIOS DE PRESENCIALIDAD<\/strong><\/td><\/tr><tr><td class=\"has-text-align-left\" data-align=\"left\">Problem\u00e1ticas del proceso de ense\u00f1anza aprendizaje de lenguas extranjeras &nbsp;<\/td><td class=\"has-text-align-center\" data-align=\"center\">Lucas Aguilera<\/td><td class=\"has-text-align-center\" data-align=\"center\">Pres. 5 hs<\/td><td class=\"has-text-align-center\" data-align=\"center\">Asinc 9 hs.<\/td><td class=\"has-text-align-center\" data-align=\"center\">Total 14 hs.<\/td><td>Estudiantes de 3er a\u00f1o PI<\/td><td>Mi\u00e9rcoles 02\/10<br>Mi\u00e9rcoles 09\/10<br>mi\u00e9rcoles 16\/10<br>mi\u00e9rcoles 23\/10<br><strong>17:30 a 18:30 hs<\/strong><\/td><\/tr><tr><td class=\"has-text-align-left\" data-align=\"left\">Entornos h\u00edbridos para el desarrollo de Habilidades orales en lengua inglesa<\/td><td class=\"has-text-align-center\" data-align=\"center\">Carolina Di Marco<\/td><td class=\"has-text-align-center\" data-align=\"center\">Pres. 8 hs c<\/td><td class=\"has-text-align-center\" data-align=\"center\">Asinc. 8 hs c<\/td><td class=\"has-text-align-center\" data-align=\"center\">Total 16 hs. c<\/td><td>Estudiantes de 1ro y 2do &nbsp;PI<\/td><td>Mi\u00e9rcoles 25\/9<br>Mi\u00e9rcoles 2\/10<br>Mi\u00e9rcoles 9\/10<br>Mi\u00e9rcoles 16\/10<br>&nbsp;<strong>17:30 a 18:30 hs<\/strong><\/td><\/tr><tr><td class=\"has-text-align-left\" data-align=\"left\">Haciendo foco en el Aprendizaje desde el ABP<\/td><td class=\"has-text-align-center\" data-align=\"center\">Romina Mansuino<\/td><td class=\"has-text-align-center\" data-align=\"center\">Pres.&nbsp;7 hs. c<\/td><td class=\"has-text-align-center\" data-align=\"center\">Asinc.&nbsp;8 hs. c<\/td><td class=\"has-text-align-center\" data-align=\"center\">Total 15 hs. c<\/td><td>Estudiantes de PEP, PEI y PI<\/td><td>Jueves 10\/10<br>Jueves 17 \/10<br>Jueves 31\/10<br><strong>17:30 a 19:00 hs<\/strong><\/td><\/tr><tr><td class=\"has-text-align-left\" data-align=\"left\">&nbsp;Incluye-me en ingl\u00e9s<\/td><td class=\"has-text-align-center\" data-align=\"center\">Gabriela P\u00e9rez<\/td><td class=\"has-text-align-center\" data-align=\"center\">Pres. 9 hs c<\/td><td class=\"has-text-align-center\" data-align=\"center\">Asinc. 9 hs.<\/td><td class=\"has-text-align-center\" data-align=\"center\">Total 18 hs. c<\/td><td>2 do y 3er a\u00f1o PI<\/td><td>Martes 24\/09<br>Martes 8\/10<br>Martes 15\/10<br>Martes 29\/10<br>Martes 12\/11<br>Martes 19\/11<br><strong>17:30 a 18:30 hs<\/strong><\/td><\/tr><tr><td class=\"has-text-align-left\" data-align=\"left\">\u00c9tica y legislaci\u00f3n profesional docente<\/td><td class=\"has-text-align-center\" data-align=\"center\">Paula Gamboa<\/td><td class=\"has-text-align-center\" data-align=\"center\">Pres. 5 hs. c<\/td><td class=\"has-text-align-center\" data-align=\"center\">Asinc. 9 hs c<\/td><td class=\"has-text-align-center\" data-align=\"center\">Total 14 hs. c<\/td><td>Estudiantes de PEP\/PEI<\/td><td>Jueves 03\/10<br>Jueves 17\/10&nbsp;&nbsp;&nbsp;&nbsp;<br>Jueves 31\/10<br><strong>17:30 a 19:00<\/strong> <strong>hs<\/strong><\/td><\/tr><tr><td class=\"has-text-align-left\" data-align=\"left\">An introduction to contemporary American poetry<\/td><td class=\"has-text-align-center\" data-align=\"center\">Anita Volosch\u00edn<\/td><td class=\"has-text-align-center\" data-align=\"center\">Pres. 10 hs c<\/td><td class=\"has-text-align-center\" data-align=\"center\">Asinc. 6 hs. c<\/td><td class=\"has-text-align-center\" data-align=\"center\">Total 16 hs. c<\/td><td>Estudiantes de 1ero y 2do a\u00f1o de PI<\/td><td>Martes 24\/09\/24<br>Martes 01\/10\/24<br>Martes 08\/10\/24<br>Martes 15\/10\/24<br>Martes 22\/10\/24<br>Martes 29\/10\/24<br>Martes 05\/11\/24<br><strong>17:30 a 18.30 hs<\/strong><\/td><\/tr><tr><td class=\"has-text-align-left\" data-align=\"left\">Aprender jugando<\/td><td class=\"has-text-align-center\" data-align=\"center\">Agustina Tornello<\/td><td class=\"has-text-align-center\" data-align=\"center\">Pres. 8 hs. c<\/td><td class=\"has-text-align-center\" data-align=\"center\">Asinc. 6 hs. c<\/td><td class=\"has-text-align-center\" data-align=\"center\">Total 14 hs. c<\/td><td>Estudiantes de Profesorado de ingl\u00e9s, Profesorado de primaria y profesorado de Nivel inicial<\/td><td>Mi\u00e9rcoles 2\/10<br>Mi\u00e9rcoles 16\/10<br>Mi\u00e9rcoles 23\/10<br>Mi\u00e9rcoles 30\/10<br>Mi\u00e9rcoles 6\/11<br><strong>17:30 a 18:30 hs<\/strong><\/td><\/tr><\/tbody><\/table><\/figure>\n\n\n\n<h5 class=\"wp-block-heading has-text-align-center\"><strong>Para realizar la inscripci\u00f3n hacer clic en el siguiente bot\u00f3n:<\/strong> <\/h5>\n\n\n<div class=\"wp-block-image\">\n<figure class=\"aligncenter size-full is-resized\"><img decoding=\"async\" loading=\"lazy\" src=\"https:\/\/ies9027-infd.mendoza.edu.ar\/sitio\/wp-content\/uploads\/2024\/09\/boton.png\" alt=\"\" class=\"wp-image-6238\" width=\"169\" height=\"47\" srcset=\"https:\/\/ies9027-infd.mendoza.edu.ar\/sitio\/wp-content\/uploads\/2024\/09\/boton.png 1263w, https:\/\/ies9027-infd.mendoza.edu.ar\/sitio\/wp-content\/uploads\/2024\/09\/boton-1000x279.png 1000w, https:\/\/ies9027-infd.mendoza.edu.ar\/sitio\/wp-content\/uploads\/2024\/09\/boton-768x214.png 768w\" sizes=\"(max-width: 169px) 100vw, 169px\" \/><\/figure><\/div>\n\n\n<pre class=\"wp-block-preformatted\"><strong>ELECTIVAS SEGUNDO CUATRIMESTRE<\/strong> <strong>2023<\/strong><\/pre>\n\n\n\n<figure class=\"wp-block-gallery has-nested-images columns-default is-cropped wp-block-gallery-1 is-layout-flex\">\n<figure class=\"wp-block-image size-large\"><img decoding=\"async\" loading=\"lazy\" width=\"1748\" height=\"1240\" data-id=\"5441\"  src=\"https:\/\/ies9027-infd.mendoza.edu.ar\/sitio\/wp-content\/uploads\/2023\/09\/EFEMERIDES.png\" alt=\"\" class=\"wp-image-5441\" srcset=\"https:\/\/ies9027-infd.mendoza.edu.ar\/sitio\/wp-content\/uploads\/2023\/09\/EFEMERIDES.png 1748w, https:\/\/ies9027-infd.mendoza.edu.ar\/sitio\/wp-content\/uploads\/2023\/09\/EFEMERIDES-1000x709.png 1000w, https:\/\/ies9027-infd.mendoza.edu.ar\/sitio\/wp-content\/uploads\/2023\/09\/EFEMERIDES-768x545.png 768w, https:\/\/ies9027-infd.mendoza.edu.ar\/sitio\/wp-content\/uploads\/2023\/09\/EFEMERIDES-1536x1090.png 1536w\" sizes=\"(max-width: 1748px) 100vw, 1748px\" \/><\/figure>\n\n\n\n<figure class=\"wp-block-image size-large\"><img decoding=\"async\" loading=\"lazy\" width=\"1900\" height=\"1343\" data-id=\"5438\"  src=\"https:\/\/ies9027-infd.mendoza.edu.ar\/sitio\/wp-content\/uploads\/2023\/09\/EVALUACION-DE-PROCESOS-COGNITIVOS-1900x1343.png\" alt=\"\" class=\"wp-image-5438\" srcset=\"https:\/\/ies9027-infd.mendoza.edu.ar\/sitio\/wp-content\/uploads\/2023\/09\/EVALUACION-DE-PROCESOS-COGNITIVOS-1900x1343.png 1900w, https:\/\/ies9027-infd.mendoza.edu.ar\/sitio\/wp-content\/uploads\/2023\/09\/EVALUACION-DE-PROCESOS-COGNITIVOS-1000x707.png 1000w, https:\/\/ies9027-infd.mendoza.edu.ar\/sitio\/wp-content\/uploads\/2023\/09\/EVALUACION-DE-PROCESOS-COGNITIVOS-768x543.png 768w, https:\/\/ies9027-infd.mendoza.edu.ar\/sitio\/wp-content\/uploads\/2023\/09\/EVALUACION-DE-PROCESOS-COGNITIVOS-1536x1086.png 1536w, https:\/\/ies9027-infd.mendoza.edu.ar\/sitio\/wp-content\/uploads\/2023\/09\/EVALUACION-DE-PROCESOS-COGNITIVOS.png 2000w\" sizes=\"(max-width: 1900px) 100vw, 1900px\" \/><\/figure>\n\n\n\n<figure class=\"wp-block-image size-large\"><img decoding=\"async\" loading=\"lazy\" width=\"1900\" height=\"1343\" data-id=\"5443\"  src=\"https:\/\/ies9027-infd.mendoza.edu.ar\/sitio\/wp-content\/uploads\/2023\/09\/kIT-PARA-ESTUDIAR-1900x1343.png\" alt=\"\" class=\"wp-image-5443\" srcset=\"https:\/\/ies9027-infd.mendoza.edu.ar\/sitio\/wp-content\/uploads\/2023\/09\/kIT-PARA-ESTUDIAR-1900x1343.png 1900w, https:\/\/ies9027-infd.mendoza.edu.ar\/sitio\/wp-content\/uploads\/2023\/09\/kIT-PARA-ESTUDIAR-1000x707.png 1000w, https:\/\/ies9027-infd.mendoza.edu.ar\/sitio\/wp-content\/uploads\/2023\/09\/kIT-PARA-ESTUDIAR-768x543.png 768w, https:\/\/ies9027-infd.mendoza.edu.ar\/sitio\/wp-content\/uploads\/2023\/09\/kIT-PARA-ESTUDIAR-1536x1086.png 1536w, https:\/\/ies9027-infd.mendoza.edu.ar\/sitio\/wp-content\/uploads\/2023\/09\/kIT-PARA-ESTUDIAR.png 2000w\" sizes=\"(max-width: 1900px) 100vw, 1900px\" \/><\/figure>\n\n\n\n<figure class=\"wp-block-image size-large\"><img decoding=\"async\" loading=\"lazy\" width=\"1900\" height=\"1343\" data-id=\"5439\"  src=\"https:\/\/ies9027-infd.mendoza.edu.ar\/sitio\/wp-content\/uploads\/2023\/09\/Now-and-Then-1900x1343.png\" alt=\"\" class=\"wp-image-5439\" srcset=\"https:\/\/ies9027-infd.mendoza.edu.ar\/sitio\/wp-content\/uploads\/2023\/09\/Now-and-Then-1900x1343.png 1900w, https:\/\/ies9027-infd.mendoza.edu.ar\/sitio\/wp-content\/uploads\/2023\/09\/Now-and-Then-1000x707.png 1000w, https:\/\/ies9027-infd.mendoza.edu.ar\/sitio\/wp-content\/uploads\/2023\/09\/Now-and-Then-768x543.png 768w, https:\/\/ies9027-infd.mendoza.edu.ar\/sitio\/wp-content\/uploads\/2023\/09\/Now-and-Then-1536x1086.png 1536w, https:\/\/ies9027-infd.mendoza.edu.ar\/sitio\/wp-content\/uploads\/2023\/09\/Now-and-Then.png 2000w\" sizes=\"(max-width: 1900px) 100vw, 1900px\" \/><\/figure>\n\n\n\n<figure class=\"wp-block-image size-large\"><img decoding=\"async\" loading=\"lazy\" width=\"1900\" height=\"1343\" data-id=\"5440\"  src=\"https:\/\/ies9027-infd.mendoza.edu.ar\/sitio\/wp-content\/uploads\/2023\/09\/RESOLUCION-DE-PROBLEMAS-1900x1343.png\" alt=\"\" class=\"wp-image-5440\" srcset=\"https:\/\/ies9027-infd.mendoza.edu.ar\/sitio\/wp-content\/uploads\/2023\/09\/RESOLUCION-DE-PROBLEMAS-1900x1343.png 1900w, https:\/\/ies9027-infd.mendoza.edu.ar\/sitio\/wp-content\/uploads\/2023\/09\/RESOLUCION-DE-PROBLEMAS-1000x707.png 1000w, https:\/\/ies9027-infd.mendoza.edu.ar\/sitio\/wp-content\/uploads\/2023\/09\/RESOLUCION-DE-PROBLEMAS-768x543.png 768w, https:\/\/ies9027-infd.mendoza.edu.ar\/sitio\/wp-content\/uploads\/2023\/09\/RESOLUCION-DE-PROBLEMAS-1536x1086.png 1536w, https:\/\/ies9027-infd.mendoza.edu.ar\/sitio\/wp-content\/uploads\/2023\/09\/RESOLUCION-DE-PROBLEMAS.png 2000w\" sizes=\"(max-width: 1900px) 100vw, 1900px\" \/><\/figure>\n\n\n\n<figure class=\"wp-block-image size-large\"><img decoding=\"async\" loading=\"lazy\" width=\"1900\" height=\"1343\" data-id=\"5442\"  src=\"https:\/\/ies9027-infd.mendoza.edu.ar\/sitio\/wp-content\/uploads\/2023\/09\/TU-CUERPO-EN-MOVIMIENTO-2023-F-1900x1343.png\" alt=\"\" class=\"wp-image-5442\" srcset=\"https:\/\/ies9027-infd.mendoza.edu.ar\/sitio\/wp-content\/uploads\/2023\/09\/TU-CUERPO-EN-MOVIMIENTO-2023-F-1900x1343.png 1900w, https:\/\/ies9027-infd.mendoza.edu.ar\/sitio\/wp-content\/uploads\/2023\/09\/TU-CUERPO-EN-MOVIMIENTO-2023-F-1000x707.png 1000w, https:\/\/ies9027-infd.mendoza.edu.ar\/sitio\/wp-content\/uploads\/2023\/09\/TU-CUERPO-EN-MOVIMIENTO-2023-F-768x543.png 768w, https:\/\/ies9027-infd.mendoza.edu.ar\/sitio\/wp-content\/uploads\/2023\/09\/TU-CUERPO-EN-MOVIMIENTO-2023-F-1536x1086.png 1536w, https:\/\/ies9027-infd.mendoza.edu.ar\/sitio\/wp-content\/uploads\/2023\/09\/TU-CUERPO-EN-MOVIMIENTO-2023-F.png 2000w\" sizes=\"(max-width: 1900px) 100vw, 1900px\" \/><\/figure>\n<\/figure>\n\n\n\n<p><\/p>\n\n\n\n<div class=\"wp-block-group is-layout-flow\"><div class=\"wp-block-group__inner-container\">\n<pre><strong>ELECTIVAS PRIMER CUATRIMESTRE 2023<\/strong><\/pre>\n<h5><img decoding=\"async\" loading=\"lazy\" class=\"wp-image-5140 alignnone\" src=\"https:\/\/ies9027-infd.mendoza.edu.ar\/sitio\/wp-content\/uploads\/2023\/05\/Desarrollo-1000x707.png\" alt=\"\" width=\"442\" height=\"313\" srcset=\"https:\/\/ies9027-infd.mendoza.edu.ar\/sitio\/wp-content\/uploads\/2023\/05\/Desarrollo-1000x707.png 1000w, https:\/\/ies9027-infd.mendoza.edu.ar\/sitio\/wp-content\/uploads\/2023\/05\/Desarrollo-768x543.png 768w, https:\/\/ies9027-infd.mendoza.edu.ar\/sitio\/wp-content\/uploads\/2023\/05\/Desarrollo-1536x1086.png 1536w, https:\/\/ies9027-infd.mendoza.edu.ar\/sitio\/wp-content\/uploads\/2023\/05\/Desarrollo.png 1600w\" sizes=\"(max-width: 442px) 100vw, 442px\" \/> <img decoding=\"async\" loading=\"lazy\" class=\"wp-image-5141 alignleft\" src=\"https:\/\/ies9027-infd.mendoza.edu.ar\/sitio\/wp-content\/uploads\/2023\/05\/el-arte-1000x707.png\" alt=\"\" width=\"428\" height=\"303\" srcset=\"https:\/\/ies9027-infd.mendoza.edu.ar\/sitio\/wp-content\/uploads\/2023\/05\/el-arte-1000x707.png 1000w, https:\/\/ies9027-infd.mendoza.edu.ar\/sitio\/wp-content\/uploads\/2023\/05\/el-arte-768x543.png 768w, https:\/\/ies9027-infd.mendoza.edu.ar\/sitio\/wp-content\/uploads\/2023\/05\/el-arte-1536x1086.png 1536w, https:\/\/ies9027-infd.mendoza.edu.ar\/sitio\/wp-content\/uploads\/2023\/05\/el-arte.png 1600w\" sizes=\"(max-width: 428px) 100vw, 428px\" \/> <img decoding=\"async\" loading=\"lazy\" class=\"wp-image-5142 aligncenter\" src=\"https:\/\/ies9027-infd.mendoza.edu.ar\/sitio\/wp-content\/uploads\/2023\/05\/ESI-2023-1000x707.png\" alt=\"\" width=\"442\" height=\"313\" srcset=\"https:\/\/ies9027-infd.mendoza.edu.ar\/sitio\/wp-content\/uploads\/2023\/05\/ESI-2023-1000x707.png 1000w, https:\/\/ies9027-infd.mendoza.edu.ar\/sitio\/wp-content\/uploads\/2023\/05\/ESI-2023-768x543.png 768w, https:\/\/ies9027-infd.mendoza.edu.ar\/sitio\/wp-content\/uploads\/2023\/05\/ESI-2023-1536x1086.png 1536w, https:\/\/ies9027-infd.mendoza.edu.ar\/sitio\/wp-content\/uploads\/2023\/05\/ESI-2023.png 1600w\" sizes=\"(max-width: 442px) 100vw, 442px\" \/> <img decoding=\"async\" loading=\"lazy\" class=\"wp-image-5143 alignleft\" src=\"https:\/\/ies9027-infd.mendoza.edu.ar\/sitio\/wp-content\/uploads\/2023\/05\/herramientas-digitales-1000x707.png\" alt=\"\" width=\"441\" height=\"312\" srcset=\"https:\/\/ies9027-infd.mendoza.edu.ar\/sitio\/wp-content\/uploads\/2023\/05\/herramientas-digitales-1000x707.png 1000w, https:\/\/ies9027-infd.mendoza.edu.ar\/sitio\/wp-content\/uploads\/2023\/05\/herramientas-digitales-768x543.png 768w, https:\/\/ies9027-infd.mendoza.edu.ar\/sitio\/wp-content\/uploads\/2023\/05\/herramientas-digitales-1536x1086.png 1536w, https:\/\/ies9027-infd.mendoza.edu.ar\/sitio\/wp-content\/uploads\/2023\/05\/herramientas-digitales.png 1600w\" sizes=\"(max-width: 441px) 100vw, 441px\" \/> <img decoding=\"async\" loading=\"lazy\" class=\"wp-image-5144 alignleft\" src=\"https:\/\/ies9027-infd.mendoza.edu.ar\/sitio\/wp-content\/uploads\/2023\/05\/INGRESO-ESCENARIOS-1000x707.png\" alt=\"\" width=\"434\" height=\"307\" srcset=\"https:\/\/ies9027-infd.mendoza.edu.ar\/sitio\/wp-content\/uploads\/2023\/05\/INGRESO-ESCENARIOS-1000x707.png 1000w, https:\/\/ies9027-infd.mendoza.edu.ar\/sitio\/wp-content\/uploads\/2023\/05\/INGRESO-ESCENARIOS-768x543.png 768w, https:\/\/ies9027-infd.mendoza.edu.ar\/sitio\/wp-content\/uploads\/2023\/05\/INGRESO-ESCENARIOS-1536x1086.png 1536w, https:\/\/ies9027-infd.mendoza.edu.ar\/sitio\/wp-content\/uploads\/2023\/05\/INGRESO-ESCENARIOS.png 1600w\" sizes=\"(max-width: 434px) 100vw, 434px\" \/><\/h5>\n<h5>&nbsp;<\/h5>\n<h5>&nbsp;<\/h5>\n<h5>&nbsp;<\/h5>\n<h5>&nbsp;<\/h5>\n<h5>&nbsp;<\/h5>\n<h5>&nbsp;<\/h5>\n<h5>&nbsp;<\/h5>\n<p><\/p>\n<\/div><\/div>\n\n\n\n<p><\/p>\n\n\n\n<p><\/p>\n","protected":false},"excerpt":{"rendered":"<p>ELECTIVAS SEGUNDO CUATRIMESTRE Realizar clic en el siguiente LINK para realizar inscripci\u00f3n. NOMBRE DESTINATARIOS D\u00cdAS Y HORARIOS Aprendizaje basado en proyectos Estudiantes de 1ro, 2do, 3ro y 4to de &nbsp;PI, PEP y PEE cursado asincr\u00f3nico La pr\u00e1ctica reflexiva en la formaci\u00f3n docente Estudiantes de 1ro, 2do, 3ro y 4to de &nbsp;PI, PEP y PEE cursado &#8230; <a title=\"Electivas\" class=\"read-more\" href=\"https:\/\/ies9027-infd.mendoza.edu.ar\/sitio\/electivas-2020\/\" aria-label=\"More on Electivas\">[+]<\/a><\/p>\n","protected":false},"author":58,"featured_media":0,"parent":0,"menu_order":0,"comment_status":"closed","ping_status":"closed","template":"","meta":[],"acf":[],"_links":{"self":[{"href":"https:\/\/ies9027-infd.mendoza.edu.ar\/sitio\/wp-json\/wp\/v2\/pages\/2373"}],"collection":[{"href":"https:\/\/ies9027-infd.mendoza.edu.ar\/sitio\/wp-json\/wp\/v2\/pages"}],"about":[{"href":"https:\/\/ies9027-infd.mendoza.edu.ar\/sitio\/wp-json\/wp\/v2\/types\/page"}],"author":[{"embeddable":true,"href":"https:\/\/ies9027-infd.mendoza.edu.ar\/sitio\/wp-json\/wp\/v2\/users\/58"}],"replies":[{"embeddable":true,"href":"https:\/\/ies9027-infd.mendoza.edu.ar\/sitio\/wp-json\/wp\/v2\/comments?post=2373"}],"version-history":[{"count":30,"href":"https:\/\/ies9027-infd.mendoza.edu.ar\/sitio\/wp-json\/wp\/v2\/pages\/2373\/revisions"}],"predecessor-version":[{"id":6766,"href":"https:\/\/ies9027-infd.mendoza.edu.ar\/sitio\/wp-json\/wp\/v2\/pages\/2373\/revisions\/6766"}],"wp:attachment":[{"href":"https:\/\/ies9027-infd.mendoza.edu.ar\/sitio\/wp-json\/wp\/v2\/media?parent=2373"}],"curies":[{"name":"wp","href":"https:\/\/api.w.org\/{rel}","templated":true}]}}