{"id":1243,"date":"2018-08-31T14:32:01","date_gmt":"2018-08-31T17:32:01","guid":{"rendered":"https:\/\/ies9027-mza.infd.edu.ar\/sitio\/condiciones-de-promocion\/"},"modified":"2026-03-06T20:16:43","modified_gmt":"2026-03-06T23:16:43","slug":"condiciones-de-promocion","status":"publish","type":"page","link":"https:\/\/ies9027-infd.mendoza.edu.ar\/sitio\/condiciones-de-promocion\/","title":{"rendered":"Condiciones de Promoci\u00f3n PEP"},"content":{"rendered":"\n<pre class=\"wp-block-preformatted\"><strong>R\u00e9gimen de correlatividades PLAN VIEJO (1191)<\/strong><\/pre>\n\n\n\n<figure class=\"wp-block-table is-style-stripes\"><table><tbody><tr><td><strong>Para rendir de 2\u00b0 a\u00f1o<\/strong><\/td><td><strong>Debe tener aprobado<\/strong><\/td><\/tr><tr><td>Historia y Pol\u00edtica de la Educaci\u00f3n Argentina<\/td><td>Perspectiva Hist\u00f3rica, Pol\u00edtica, Econ\u00f3mica Social y Cultural de Am\u00e9rica Latina.<\/td><\/tr><tr><td>Did\u00e1ctica de la Matem\u00e1tica I<\/td><td>Matem\u00e1tica<br>Psicolog\u00eda Educacional<br>Sujeto de la Educaci\u00f3n Primaria<br>Did\u00e1ctica General<br>Pedagog\u00eda<\/td><\/tr><tr><td>Did\u00e1ctica de la Lengua I<\/td><td>Lengua<br>Psicolog\u00eda Educacional<br>Sujeto de la Educaci\u00f3n Primaria<br>Did\u00e1ctica General<br>Pedagog\u00eda<\/td><\/tr><tr><td>Did\u00e1ctica de las Ciencias Naturales I<\/td><td>Psicolog\u00eda Educacional<br>Sujeto de la Educaci\u00f3n Primaria<br>Did\u00e1ctica General<br>Pedagog\u00eda<\/td><\/tr><tr><td>Did\u00e1ctica de las Ciencias Sociales I<\/td><td>Perspectiva Hist\u00f3rica, Pol\u00edtica, Econ\u00f3mica Social y Cultural de Am\u00e9rica Latina.<br>Psicolog\u00eda Educacional<br>Sujeto de la Educaci\u00f3n Primaria<br>Did\u00e1ctica General<br>Pedagog\u00eda<\/td><\/tr><tr><td>Did\u00e1ctica de la Literatura<\/td><td>Literatura para Ni\u00f1os y J\u00f3venes<br>Psicolog\u00eda Educacional<br>Sujeto de la Educaci\u00f3n Primaria<br>Did\u00e1ctica General<br>Pedagog\u00eda<\/td><\/tr><tr><td>Pr\u00e1ctica Profesional Docente II<\/td><td>Pr\u00e1ctica Profesional Docente I<\/td><\/tr><\/tbody><\/table><figcaption class=\"wp-element-caption\"><strong><u>CONDICIONES DE PROMOCI\u00d3N ANUAL<\/u><\/strong><br>Para&nbsp;<strong>cursar tercer a\u00f1o<\/strong>, el estudiante deber\u00e1 tener aprobados todos los espacios curriculares de 1 a\u00f1o y la mitad m\u00e1s uno (7 de un total de 11 materias) de los espacios curriculares correspondientes a 2do a\u00f1o.<br><strong><u>R\u00c9GIMEN DE CORRELATIVIDADES<\/u><\/strong><\/figcaption><\/figure>\n\n\n\n<p><\/p>\n\n\n\n<figure class=\"wp-block-table is-style-stripes\"><table><tbody><tr><td><strong>Para rendir de 3\u00b0 a\u00f1o<\/strong><\/td><td><strong>Debe tener aprobado<\/strong><\/td><\/tr><tr><td>Did\u00e1ctica de la Matem\u00e1tica II<\/td><td>Did\u00e1ctica de la Matem\u00e1tica I<\/td><\/tr><tr><td>Alfabetizaci\u00f3n Inicial<\/td><td>Did\u00e1ctica de la Lengua I<\/td><\/tr><tr><td>Did\u00e1ctica de las Ciencias Naturales II<\/td><td>Did\u00e1ctica de las Ciencias Naturales I<\/td><\/tr><tr><td>Did\u00e1ctica de las Ciencias Sociales II<\/td><td>Did\u00e1ctica de las Ciencias Sociales I<\/td><\/tr><tr><td>Pr\u00e1ctica Profesional Docente III<\/td><td>Pr\u00e1ctica Profesional Docente II<\/td><\/tr><\/tbody><\/table><figcaption class=\"wp-element-caption\"><strong><u>CONDICIONES DE PROMOCI\u00d3N ANUAL<\/u><\/strong><br>Para&nbsp;<strong>cursar cuarto a\u00f1o<\/strong>, el estudiante deber\u00e1 tener aprobado, todos los espacios curriculares de primero y segundo a\u00f1o m\u00e1s la mitad m\u00e1s uno (7) de las materias correspondiente al tercer a\u00f1o (12)<br><strong><u>R\u00c9GIMEN DE CORRELATIVIDADES<\/u><\/strong><\/figcaption><\/figure>\n\n\n\n<figure class=\"wp-block-table is-style-stripes\"><table><tbody><tr><td><strong>Para rendir de 4to a\u00f1o<\/strong><\/td><td><strong>Debe tener aprobado<\/strong><\/td><\/tr><tr><td>Did\u00e1ctica de la Matem\u00e1tica III<\/td><td>Did\u00e1ctica de la Matem\u00e1tica II<\/td><\/tr><tr><td>Did\u00e1ctica de la Lengua II<\/td><td>Alfabetizaci\u00f3n Inicial<\/td><\/tr><tr><td>Did\u00e1ctica de las Ciencias Naturales III<\/td><td>Did\u00e1ctica de las Ciencias Naturales II<\/td><\/tr><tr><td>Did\u00e1ctica de las Ciencias Sociales III<\/td><td>Did\u00e1ctica de las Ciencias Sociales II<\/td><\/tr><tr><td>Pr\u00e1ctica Profesional Docente IV<\/td><td>Pr\u00e1ctica Profesional Docente III<\/td><\/tr><\/tbody><\/table><figcaption class=\"wp-element-caption\"><strong><u>INGRESO A LA PR\u00c1CTICA PROFESIONAL DOCENTE IV<\/u><\/strong><br>Podr\u00e1n iniciar el cursado de la&nbsp;<strong>Pr\u00e1ctica Profesional Docente IV&nbsp;<\/strong>aquellos estudiantes que al inicio del ciclo lectivo tengan aprobado los siguientes espacios curriculares de tercer a\u00f1o:<br>Did\u00e1ctica de la Matem\u00e1tica II<br>Alfabetizaci\u00f3n Inicial<br>Did\u00e1ctica de las Ciencias Naturales II<br>Did\u00e1ctica de las Ciencias Sociales II<br>Did\u00e1ctica de la Tecnolog\u00eda<br>Pr\u00e1ctica Profesional Docente III<br><strong>CONDICIONALIDAD: Aquellos alumnos que al inicio del ciclo lectivo adeuden uno de los espacios curriculares requeridos para iniciar la Pr\u00e1ctica Profesional Docente IV se habilitar\u00e1 una mesa especial en el mes de mayo seg\u00fan calendario oficial.<\/strong><br><strong>&nbsp;<\/strong>A tal efecto se establece el siguiente procedimiento:<br>El alumno debe solicitar por nota a rector\u00eda la posibilidad de cursar como ALUMNO REGULAR CONDICIONAL.<br>Este pedido ser\u00e1 remitido para su estudio al Consejo Acad\u00e9mico quienes analizar\u00e1n y resolver\u00e1n lo solicitado a modo de excepci\u00f3n.<br>Una vez otorgada la autorizaci\u00f3n, el alumno deber\u00e1 regularizar la situaci\u00f3n acad\u00e9mica en la mesa especial asignada.<br>En caso de aprobar la materia adeudada el alumno ser\u00e1 incorporado como ALUMNO REGULAR. En caso de no aprobar perder\u00e1 la condici\u00f3n de ALUMNO REGULAR CONDICIONAL Y NO PODR\u00c1 CONTINUAR CURSANDO.<\/figcaption><\/figure>\n\n\n<pre><strong>R\u00e9gimen de correlatividades PLAN NUEVO (7665)<\/strong><\/pre>\n<p>Se deben respetar las condiciones de cursado y acreditaci\u00f3n que establecen los reglamentos acad\u00e9micos Marco e Institucional (RAM y RAI). Entre ellas, la que indica que para cursar como alumno regular 2do, 3ro o 4to a\u00f1o el estudiante debe haber acreditado la mitad m\u00e1s una del total de unidades curriculares correspondientes al a\u00f1o anterior.<\/p>\n<p><strong style=\"font-size: 20px;\">SEGUNDO A\u00d1O<\/strong><\/p>\n\n\n<figure class=\"wp-block-table is-style-stripes\"><table><tbody><tr><td><strong>UC<\/strong><\/td><td><strong>U.C. acreditadas<\/strong><\/td><\/tr><tr><td>09- Did\u00e1ctica<\/td><td>&#8212;&#8212;&#8212;&#8212;&#8212;&#8212;&#8212;&#8212;&#8212;-<\/td><\/tr><tr><td>10- Psicolog\u00eda Educacional<\/td><td>&#8212;&#8212;&#8212;&#8212;&#8212;&#8212;&#8212;&#8212;&#8212;-<\/td><\/tr><tr><td>11- Instituciones Educativas<\/td><td>Sistema Educativo<\/td><\/tr><tr><td>12- Sujetos de la educaci\u00f3n<\/td><td>&#8212;&#8212;&#8212;&#8212;&#8212;&#8212;&#8212;&#8212;&#8212;&#8211;<\/td><\/tr><tr><td>13- N\u00fameros Racionales y su did\u00e1ctica<\/td><td>&#8212;&#8212;&#8212;&#8212;&#8212;&#8212;&#8212;&#8212;&#8212;&#8211;<\/td><\/tr><tr><td>14- Cs Sociales y su did\u00e1ctica I<\/td><td>Did\u00e1ctica<\/td><\/tr><tr><td>15- Cs Naturales y su did\u00e1ctica I<\/td><td>Did\u00e1ctica<\/td><\/tr><tr><td>16- Lengua y su did\u00e1ctica<\/td><td>Did\u00e1ctica<br>Lengua y Literatura infantil y juvenil<br>Comprensi\u00f3n y producci\u00f3n de textos acad\u00e9micos<\/td><\/tr><tr><td>17- Literatura infantil y juvenil y su did\u00e1ctica<\/td><td>Did\u00e1ctica<br>Lengua y Literatura infantil y juvenil<br>Comprensi\u00f3n y producci\u00f3n de textos acad\u00e9micos.<\/td><\/tr><tr><td>18-Espacio, Geometr\u00eda y su did\u00e1ctica<\/td><td>Did\u00e1ctica<\/td><\/tr><tr><td>19-Pr\u00e1ctica Profesional Docente II<\/td><td>Numeraci\u00f3n Lengua y Literatura infantil y juvenil<br>PPD I<\/td><\/tr><\/tbody><\/table><figcaption class=\"wp-element-caption\"><strong>TERCER A\u00d1O<\/strong><\/figcaption><\/figure>\n\n\n\n<figure class=\"wp-block-table is-style-stripes\"><table><tbody><tr><td><strong>UC<\/strong><\/td><td><strong>U.C. acreditadas<\/strong><\/td><\/tr><tr><td>20-Gesti\u00f3n y Evaluaci\u00f3n de los aprendizajes<\/td><td>Did\u00e1ctica<\/td><\/tr><tr><td>21- Proyectos de Intervenci\u00f3n Estrat\u00e9gica<\/td><td>Instituciones Educativas<\/td><\/tr><tr><td>22-Educaci\u00f3n en la diversidad<\/td><td>Sujetos de la Educaci\u00f3n Psicolog\u00eda Educacional<\/td><\/tr><tr><td>23-Educaci\u00f3n Tecnol\u00f3gica<\/td><td>Ciencias Sociales I Ciencias Naturales I<\/td><\/tr><tr><td>24-Medida y su did\u00e1ctica<\/td><td>Did\u00e1ctica<\/td><\/tr><tr><td>25-Cs Sociales y su did\u00e1ctica II<\/td><td>Ciencias Sociales y su did\u00e1ctica I<\/td><\/tr><tr><td>26-Cs Naturales y su did\u00e1ctica II<\/td><td>Ciencias Naturales y su did\u00e1ctica I<\/td><\/tr><tr><td>27-Alfabetizaci\u00f3n<\/td><td>Lengua y Literatura infantil y juvenil<br>Lengua y su did\u00e1ctica Literatura infantil y juvenil y su did\u00e1ctica<br>Psicolog\u00eda Educacional Sujetos de la educaci\u00f3n<\/td><\/tr><tr><td>28-Formaci\u00f3n \u00c9tica y Ciudadana y su did\u00e1ctica<\/td><td>Pensamiento Filos\u00f3fico Cs Sociales y su did\u00e1ctica I<\/td><\/tr><tr><td>29-\u00c1lgebra, Funciones y su did\u00e1ctica<\/td><td>Did\u00e1ctica<\/td><\/tr><tr><td>30-Pr\u00e1ctica Profesional Docente III<\/td><td>Did\u00e1ctica Lengua y su did\u00e1ctica<br>Literatura infantil y juvenil y su did\u00e1ctica<br>N\u00fameros Racionales y su did\u00e1ctica<br>Espacio, Geometr\u00eda y su did\u00e1ctica<br>Ciencias Sociales y su did\u00e1ctica I Ciencias Naturales y su did\u00e1ctica I<\/td><\/tr><\/tbody><\/table><figcaption class=\"wp-element-caption\"><strong>CUARTO A\u00d1O<\/strong><\/figcaption><\/figure>\n\n\n\n<figure class=\"wp-block-table is-style-stripes\"><table><tbody><tr><td><strong>UC<\/strong><\/td><td><strong>U.C. acreditadas<\/strong><\/td><\/tr><tr><td>31-ESI<\/td><td>Psicolog\u00eda Educacional Sujetos de la educaci\u00f3n.<\/td><\/tr><tr><td>32-Educaci\u00f3n y Tecnolog\u00edas Digitales<\/td><td>&#8212;&#8212;&#8212;&#8212;&#8212;&#8212;&#8212;&#8212;&#8212;<\/td><\/tr><tr><td>33-Historia y Patrimonio Cultural de Mendoza<\/td><td>&#8212;&#8212;&#8212;&#8212;&#8212;&#8212;&#8212;&#8212;&#8212;<\/td><\/tr><tr><td>34-Did\u00e1ctica de la Lengua y Did\u00e1ctica de la Literatura Infantil y Juvenil<\/td><td>Alfabetizaci\u00f3n<\/td><\/tr><tr><td>35-Did\u00e1ctica de la Matem\u00e1tica<\/td><td>&#8212;&#8212;&#8212;&#8212;&#8212;&#8212;&#8212;&#8212;&#8212;<\/td><\/tr><tr><td>36-Did\u00e1ctica de las Ciencias Sociales<\/td><td>Ciencias Sociales y su did\u00e1ctica II<\/td><\/tr><tr><td>37-Did\u00e1ctica de las Ciencias Naturales<\/td><td>Ciencias Naturales y su did\u00e1ctica II<\/td><\/tr><tr><td>38-Pr\u00e1ctica Profesional Docente IV<\/td><td>Todas las UC did\u00e1cticas espec\u00edficas, con excepci\u00f3n de los talleres de cuarto a\u00f1o<\/td><\/tr><\/tbody><\/table><\/figure>\n","protected":false},"excerpt":{"rendered":"<p>R\u00e9gimen de correlatividades PLAN VIEJO (1191) Para rendir de 2\u00b0 a\u00f1o Debe tener aprobado Historia y Pol\u00edtica de la Educaci\u00f3n Argentina Perspectiva Hist\u00f3rica, Pol\u00edtica, Econ\u00f3mica Social y Cultural de Am\u00e9rica Latina. Did\u00e1ctica de la Matem\u00e1tica I Matem\u00e1ticaPsicolog\u00eda EducacionalSujeto de la Educaci\u00f3n PrimariaDid\u00e1ctica GeneralPedagog\u00eda Did\u00e1ctica de la Lengua I LenguaPsicolog\u00eda EducacionalSujeto de la Educaci\u00f3n PrimariaDid\u00e1ctica GeneralPedagog\u00eda &#8230; <a title=\"Condiciones de Promoci\u00f3n PEP\" class=\"read-more\" href=\"https:\/\/ies9027-infd.mendoza.edu.ar\/sitio\/condiciones-de-promocion\/\" aria-label=\"More on Condiciones de Promoci\u00f3n PEP\">[+]<\/a><\/p>\n","protected":false},"author":58,"featured_media":0,"parent":0,"menu_order":0,"comment_status":"closed","ping_status":"closed","template":"","meta":[],"acf":[],"_links":{"self":[{"href":"https:\/\/ies9027-infd.mendoza.edu.ar\/sitio\/wp-json\/wp\/v2\/pages\/1243"}],"collection":[{"href":"https:\/\/ies9027-infd.mendoza.edu.ar\/sitio\/wp-json\/wp\/v2\/pages"}],"about":[{"href":"https:\/\/ies9027-infd.mendoza.edu.ar\/sitio\/wp-json\/wp\/v2\/types\/page"}],"author":[{"embeddable":true,"href":"https:\/\/ies9027-infd.mendoza.edu.ar\/sitio\/wp-json\/wp\/v2\/users\/58"}],"replies":[{"embeddable":true,"href":"https:\/\/ies9027-infd.mendoza.edu.ar\/sitio\/wp-json\/wp\/v2\/comments?post=1243"}],"version-history":[{"count":11,"href":"https:\/\/ies9027-infd.mendoza.edu.ar\/sitio\/wp-json\/wp\/v2\/pages\/1243\/revisions"}],"predecessor-version":[{"id":6794,"href":"https:\/\/ies9027-infd.mendoza.edu.ar\/sitio\/wp-json\/wp\/v2\/pages\/1243\/revisions\/6794"}],"wp:attachment":[{"href":"https:\/\/ies9027-infd.mendoza.edu.ar\/sitio\/wp-json\/wp\/v2\/media?parent=1243"}],"curies":[{"name":"wp","href":"https:\/\/api.w.org\/{rel}","templated":true}]}}